{"id":249,"date":"2023-11-27T17:18:25","date_gmt":"2023-11-27T16:18:25","guid":{"rendered":"https:\/\/carniceriaetxebeste.com\/tienda\/?page_id=249"},"modified":"2023-11-27T17:21:32","modified_gmt":"2023-11-27T16:21:32","slug":"condiciones-de-compra","status":"publish","type":"page","link":"https:\/\/carniceriaetxebeste.com\/tienda\/condiciones-de-compra\/","title":{"rendered":"Condiciones de compra"},"content":{"rendered":"<h2>CONDICIONES DE COMPRA<\/h2>\n<ol>\n<li>Productos ofrecidos CARNICERIA ETXEBESTE mostrar\u00e1 en cada momento los productos a la venta junto con sus caracter\u00edsticas y su precio de venta al p\u00fablico. CARNICERIA ETXEBESTE decide los productos que ofrece a sus clientes a trav\u00e9s de carniceriaetxebeste.com en cada momento. De este modo, CARNICERIA ETXEBESTE podr\u00e1 a\u00f1adir referencias al cat\u00e1logo de productos que ofrece www.cariniceriaetxebeste.com, o quitarlas, respetando en cualquier caso los pedidos realizados con anterioridad o la duraci\u00f3n de campa\u00f1as u ofertas concretas que ya tuviera comprometidas.<br \/>\nDe conformidad con lo establecido en legislaci\u00f3n vigente, est\u00e1 prohibida la venta o servicio de bebidas alcoh\u00f3licas a menores a trav\u00e9s de esta web. Igualmente, en cumplimiento de la normativa vigente, no podr\u00e1n entregarse bebidas alcoh\u00f3licas entre las 22:00 y las 10:00 horas.<br \/>\nCarniceria Etxebeste indicar\u00e1 el precio de venta al p\u00fablico de cada producto, impuestos incluidos, as\u00ed como, en su caso, el precio por unidad de medida correspondiente.<\/li>\n<li>Compra m\u00ednima<br \/>\nCompra minima 25\u20ac<\/li>\n<li>Disponibilidad<br \/>\nCARNICERIA ETXEBESTE sirve \u00fanicamente en zona Donostialdea.<br \/>\nLa disponibilidad de los productos depender\u00e1 de la demanda de los clientes y, en consecuencia, podr\u00eda darse el caso de que al preparar el pedido el producto solicitado est\u00e9 agotado.<\/li>\n<li>Gastos de env\u00edo<br \/>\nLos gastos por manipulaci\u00f3n, embalaje, conservaci\u00f3n, transporte y entrega de cada pedido es de 6\u20ac y env\u00edo gratis a partir de 50\u20acde compra.El cliente sabe con car\u00e1cter previo a la finalizaci\u00f3n del proceso de compra a cu\u00e1nto ascienden los gastos de env\u00edo, acept\u00e1ndolos expresamente.<\/li>\n<li>Confirmaci\u00f3n del pedido<br \/>\nEl cliente c<<onfirmar\u00e1 el pedido realizado haciendo clic en el bot\u00f3n \u201cContinuar\u201d dentro del proceso de pago.\nLa confirmaci\u00f3n de pedido y el comprobante de compra (impresi\u00f3n que hace el usuario) no tendr\u00e1n validez como factura.\nEl albar\u00e1n correspondiente se adjuntar\u00e1 al pedido en cuesti\u00f3n y le ser\u00e1 entregado junto con el mismo.<\/li>\n<li>Seguimiento del pedido<br \/>\nEl cliente podr\u00e1 conocer en cada momento el estado de su pedido.<br \/>\nAsimismo, podr\u00e1 contactar con CARNICERIA ETXEBESTE al tel\u00e9fono 943424792 y correo electr\u00f3nico etxebesteharategia@gmail.com<\/li>\n<li>Entrega del pedido<br \/>\nEl pedido podr\u00e1 ser entregado en el domicilio indicado por el cliente de lunes a viernes (excepto festivos).<br \/>\nEl pedido ser\u00e1 entregado al cliente, preferiblemente, en persona, en la direcci\u00f3n indicada por \u00e9ste.<br \/>\nSi el cliente no pudiera estar en su domicilio el d\u00eda y hora previsto para efectuar la recepci\u00f3n, deber\u00e1 ponerse en contacto con CARNICERIA ETXEBESTE para acordar otro d\u00eda y hora de entrega.<br \/>\nEn defecto de lo anterior, el pedido ser\u00e1 entregado a la persona, mayor de edad, que al momento de la entrega se encuentre en la direcci\u00f3n indicada. El cliente autoriza expresamente a CARNICERIA ETXEBESTE. a realizar la entrega del pedido a su favor. El receptor del pedido deber\u00e1 firmar el albar\u00e1n de entrega correspondiente, consignando su nombre y DNI o similar (as\u00ed como mostrarlo al personal encargado de reparto) que implica su conformidad con los productos recibidos, tanto en cuanto a cantidad como a calidad y estado en que se encuentran.<br \/>\nA tal efecto, el receptor podr\u00e1 revisar el pedido cuanto quiera al momento de su recepci\u00f3n a fin de mostrar su conformidad con el mismo. En caso de que no est\u00e9 completo, deber\u00e1 hacerlo constar expresamente en el albar\u00e1n de entrega correspondiente.<br \/>\nEn caso de que quisiera rechazar alg\u00fan producto en aplicaci\u00f3n de lo dispuesto anteriormente o porque estuviera manifiestamente deteriorado o adoleciera manifiestamente de alg\u00fan defecto en su calidad deber\u00e1 proceder igualmente seg\u00fan lo indicado en el p\u00e1rrafo anterior.<br \/>\nEn consecuencia, CARNICERIA ETXEBESTE proceder\u00e1 a la regularizaci\u00f3n del precio del pedido y al abono en su caso del importe correspondiente. De hacerlo con posterioridad a la recepci\u00f3n del pedido, dispondr\u00e1 de un plazo de 24 horas desde su entrega. No se atender\u00e1n reclamaciones posteriores por estos motivos.<br \/>\nEl repartidor har\u00e1 entrega de un albar\u00e1n o factura que deber\u00e1 ser firmado por el cliente.<br \/>\nEl compromiso de CARNICERIA ETXEBESTE. es servirle en 24-48 horas. En todo caso quedan excluidos del c\u00f3mputo los domingos y festivos.<\/li>\n<li>Acreditaci\u00f3n de operaciones<br \/>\nLa aceptaci\u00f3n del pedido por parte de CARNICERIA ETXEBESTE as\u00ed como las informaciones relativas a cualquier operaci\u00f3n efectuada a partir del n\u00famero de pedido correspondiente y dem\u00e1s documentaci\u00f3n generada ser\u00e1n almacenadas y archivadas, sirviendo de prueba en caso de litigio.<br \/>\nEn todos los casos, el suministro en l\u00ednea de acuse de recibo del pago y la validaci\u00f3n final del pedido valdr\u00e1 como prueba de la integridad del mencionado pedido y producir\u00e1 la exigibilidad de las sumas debidas por el pedido de los art\u00edculos solicitados. Esta validaci\u00f3n tendr\u00e1 valor de firma y aceptaci\u00f3n expresa de todas las operaciones efectuadas en CARNICERIA ETXEBESTE.<\/li>\n<li>Derecho de desistimiento<br \/>\nNo aplica.<\/li>\n<\/ol>\n<p>&nbsp;<\/p>\n","protected":false},"excerpt":{"rendered":"<p>CONDICIONES DE COMPRA Productos ofrecidos CARNICERIA ETXEBESTE mostrar\u00e1 en cada momento los productos a la venta junto con sus caracter\u00edsticas y su precio de venta al p\u00fablico. CARNICERIA ETXEBESTE decide los productos que ofrece a sus &#8230;<\/p>\n","protected":false},"author":1,"featured_media":248,"parent":0,"menu_order":0,"comment_status":"closed","ping_status":"closed","template":"","meta":{"footnotes":""},"class_list":["post-249","page","type-page","status-publish","has-post-thumbnail","hentry"],"yoast_head":"<!-- This site is optimized with the Yoast SEO plugin v23.9 - https:\/\/yoast.com\/wordpress\/plugins\/seo\/ -->\n<title>Condiciones de compra | Carnicer\u00eda Etxebeste Tienda<\/title>\n<meta name=\"robots\" content=\"index, follow, max-snippet:-1, max-image-preview:large, max-video-preview:-1\" \/>\n<link rel=\"canonical\" href=\"https:\/\/carniceriaetxebeste.com\/tienda\/condiciones-de-compra\/\" \/>\n<meta property=\"og:locale\" content=\"es_ES\" \/>\n<meta property=\"og:type\" content=\"article\" \/>\n<meta property=\"og:title\" content=\"Condiciones de compra | Carnicer\u00eda Etxebeste Tienda\" \/>\n<meta property=\"og:description\" content=\"CONDICIONES DE COMPRA Productos ofrecidos CARNICERIA ETXEBESTE mostrar\u00e1 en cada momento los productos a la venta junto con sus caracter\u00edsticas y su precio de venta al p\u00fablico. CARNICERIA ETXEBESTE decide los productos que ofrece a sus ...\" \/>\n<meta property=\"og:url\" content=\"https:\/\/carniceriaetxebeste.com\/tienda\/condiciones-de-compra\/\" \/>\n<meta property=\"og:site_name\" content=\"Carnicer\u00eda Etxebeste Tienda\" \/>\n<meta property=\"article:modified_time\" content=\"2023-11-27T16:21:32+00:00\" \/>\n<meta property=\"og:image\" content=\"https:\/\/carniceriaetxebeste.com\/tienda\/wp-content\/uploads\/sites\/2\/2023\/11\/carniceriaetxebeste_condicionescompra.jpg\" \/>\n\t<meta property=\"og:image:width\" content=\"1280\" \/>\n\t<meta property=\"og:image:height\" content=\"853\" \/>\n\t<meta property=\"og:image:type\" content=\"image\/jpeg\" \/>\n<meta name=\"twitter:card\" content=\"summary_large_image\" \/>\n<meta name=\"twitter:label1\" content=\"Tiempo de lectura\" \/>\n\t<meta name=\"twitter:data1\" content=\"5 minutos\" \/>\n<script type=\"application\/ld+json\" class=\"yoast-schema-graph\">{\"@context\":\"https:\/\/schema.org\",\"@graph\":[{\"@type\":\"WebPage\",\"@id\":\"https:\/\/carniceriaetxebeste.com\/tienda\/condiciones-de-compra\/\",\"url\":\"https:\/\/carniceriaetxebeste.com\/tienda\/condiciones-de-compra\/\",\"name\":\"Condiciones de compra | Carnicer\u00eda Etxebeste Tienda\",\"isPartOf\":{\"@id\":\"https:\/\/carniceriaetxebeste.com\/tienda\/#website\"},\"primaryImageOfPage\":{\"@id\":\"https:\/\/carniceriaetxebeste.com\/tienda\/condiciones-de-compra\/#primaryimage\"},\"image\":{\"@id\":\"https:\/\/carniceriaetxebeste.com\/tienda\/condiciones-de-compra\/#primaryimage\"},\"thumbnailUrl\":\"https:\/\/carniceriaetxebeste.com\/tienda\/wp-content\/uploads\/sites\/2\/2023\/11\/carniceriaetxebeste_condicionescompra.jpg\",\"datePublished\":\"2023-11-27T16:18:25+00:00\",\"dateModified\":\"2023-11-27T16:21:32+00:00\",\"breadcrumb\":{\"@id\":\"https:\/\/carniceriaetxebeste.com\/tienda\/condiciones-de-compra\/#breadcrumb\"},\"inLanguage\":\"es\",\"potentialAction\":[{\"@type\":\"ReadAction\",\"target\":[\"https:\/\/carniceriaetxebeste.com\/tienda\/condiciones-de-compra\/\"]}]},{\"@type\":\"ImageObject\",\"inLanguage\":\"es\",\"@id\":\"https:\/\/carniceriaetxebeste.com\/tienda\/condiciones-de-compra\/#primaryimage\",\"url\":\"https:\/\/carniceriaetxebeste.com\/tienda\/wp-content\/uploads\/sites\/2\/2023\/11\/carniceriaetxebeste_condicionescompra.jpg\",\"contentUrl\":\"https:\/\/carniceriaetxebeste.com\/tienda\/wp-content\/uploads\/sites\/2\/2023\/11\/carniceriaetxebeste_condicionescompra.jpg\",\"width\":1280,\"height\":853},{\"@type\":\"BreadcrumbList\",\"@id\":\"https:\/\/carniceriaetxebeste.com\/tienda\/condiciones-de-compra\/#breadcrumb\",\"itemListElement\":[{\"@type\":\"ListItem\",\"position\":1,\"name\":\"Home\",\"item\":\"https:\/\/carniceriaetxebeste.com\/tienda\/\"},{\"@type\":\"ListItem\",\"position\":2,\"name\":\"Condiciones de compra\"}]},{\"@type\":\"WebSite\",\"@id\":\"https:\/\/carniceriaetxebeste.com\/tienda\/#website\",\"url\":\"https:\/\/carniceriaetxebeste.com\/tienda\/\",\"name\":\"Carnicer\u00eda Etxebeste Tienda\",\"description\":\"M\u00e1s de 100 a\u00f1os de tradici\u00f3n familiar carnicera\",\"publisher\":{\"@id\":\"https:\/\/carniceriaetxebeste.com\/tienda\/#organization\"},\"alternateName\":\"Tienda, venta de carne y casquer\u00eda en Donosti\",\"potentialAction\":[{\"@type\":\"SearchAction\",\"target\":{\"@type\":\"EntryPoint\",\"urlTemplate\":\"https:\/\/carniceriaetxebeste.com\/tienda\/?s={search_term_string}\"},\"query-input\":{\"@type\":\"PropertyValueSpecification\",\"valueRequired\":true,\"valueName\":\"search_term_string\"}}],\"inLanguage\":\"es\"},{\"@type\":\"Organization\",\"@id\":\"https:\/\/carniceriaetxebeste.com\/tienda\/#organization\",\"name\":\"Tienda online Etxebeste Carnicer\u00eda\",\"url\":\"https:\/\/carniceriaetxebeste.com\/tienda\/\",\"logo\":{\"@type\":\"ImageObject\",\"inLanguage\":\"es\",\"@id\":\"https:\/\/carniceriaetxebeste.com\/tienda\/#\/schema\/logo\/image\/\",\"url\":\"https:\/\/carniceriaetxebeste.com\/tienda\/wp-content\/uploads\/sites\/2\/2023\/09\/Etxebeste_carniceria_logo_.png\",\"contentUrl\":\"https:\/\/carniceriaetxebeste.com\/tienda\/wp-content\/uploads\/sites\/2\/2023\/09\/Etxebeste_carniceria_logo_.png\",\"width\":1200,\"height\":675,\"caption\":\"Tienda online Etxebeste Carnicer\u00eda\"},\"image\":{\"@id\":\"https:\/\/carniceriaetxebeste.com\/tienda\/#\/schema\/logo\/image\/\"}}]}<\/script>\n<!-- \/ Yoast SEO plugin. -->","yoast_head_json":{"title":"Condiciones de compra | Carnicer\u00eda Etxebeste Tienda","robots":{"index":"index","follow":"follow","max-snippet":"max-snippet:-1","max-image-preview":"max-image-preview:large","max-video-preview":"max-video-preview:-1"},"canonical":"https:\/\/carniceriaetxebeste.com\/tienda\/condiciones-de-compra\/","og_locale":"es_ES","og_type":"article","og_title":"Condiciones de compra | Carnicer\u00eda Etxebeste Tienda","og_description":"CONDICIONES DE COMPRA Productos ofrecidos CARNICERIA ETXEBESTE mostrar\u00e1 en cada momento los productos a la venta junto con sus caracter\u00edsticas y su precio de venta al p\u00fablico. CARNICERIA ETXEBESTE decide los productos que ofrece a sus ...","og_url":"https:\/\/carniceriaetxebeste.com\/tienda\/condiciones-de-compra\/","og_site_name":"Carnicer\u00eda Etxebeste Tienda","article_modified_time":"2023-11-27T16:21:32+00:00","og_image":[{"width":1280,"height":853,"url":"https:\/\/carniceriaetxebeste.com\/tienda\/wp-content\/uploads\/sites\/2\/2023\/11\/carniceriaetxebeste_condicionescompra.jpg","type":"image\/jpeg"}],"twitter_card":"summary_large_image","twitter_misc":{"Tiempo de lectura":"5 minutos"},"schema":{"@context":"https:\/\/schema.org","@graph":[{"@type":"WebPage","@id":"https:\/\/carniceriaetxebeste.com\/tienda\/condiciones-de-compra\/","url":"https:\/\/carniceriaetxebeste.com\/tienda\/condiciones-de-compra\/","name":"Condiciones de compra | Carnicer\u00eda Etxebeste Tienda","isPartOf":{"@id":"https:\/\/carniceriaetxebeste.com\/tienda\/#website"},"primaryImageOfPage":{"@id":"https:\/\/carniceriaetxebeste.com\/tienda\/condiciones-de-compra\/#primaryimage"},"image":{"@id":"https:\/\/carniceriaetxebeste.com\/tienda\/condiciones-de-compra\/#primaryimage"},"thumbnailUrl":"https:\/\/carniceriaetxebeste.com\/tienda\/wp-content\/uploads\/sites\/2\/2023\/11\/carniceriaetxebeste_condicionescompra.jpg","datePublished":"2023-11-27T16:18:25+00:00","dateModified":"2023-11-27T16:21:32+00:00","breadcrumb":{"@id":"https:\/\/carniceriaetxebeste.com\/tienda\/condiciones-de-compra\/#breadcrumb"},"inLanguage":"es","potentialAction":[{"@type":"ReadAction","target":["https:\/\/carniceriaetxebeste.com\/tienda\/condiciones-de-compra\/"]}]},{"@type":"ImageObject","inLanguage":"es","@id":"https:\/\/carniceriaetxebeste.com\/tienda\/condiciones-de-compra\/#primaryimage","url":"https:\/\/carniceriaetxebeste.com\/tienda\/wp-content\/uploads\/sites\/2\/2023\/11\/carniceriaetxebeste_condicionescompra.jpg","contentUrl":"https:\/\/carniceriaetxebeste.com\/tienda\/wp-content\/uploads\/sites\/2\/2023\/11\/carniceriaetxebeste_condicionescompra.jpg","width":1280,"height":853},{"@type":"BreadcrumbList","@id":"https:\/\/carniceriaetxebeste.com\/tienda\/condiciones-de-compra\/#breadcrumb","itemListElement":[{"@type":"ListItem","position":1,"name":"Home","item":"https:\/\/carniceriaetxebeste.com\/tienda\/"},{"@type":"ListItem","position":2,"name":"Condiciones de compra"}]},{"@type":"WebSite","@id":"https:\/\/carniceriaetxebeste.com\/tienda\/#website","url":"https:\/\/carniceriaetxebeste.com\/tienda\/","name":"Carnicer\u00eda Etxebeste Tienda","description":"M\u00e1s de 100 a\u00f1os de tradici\u00f3n familiar carnicera","publisher":{"@id":"https:\/\/carniceriaetxebeste.com\/tienda\/#organization"},"alternateName":"Tienda, venta de carne y casquer\u00eda en Donosti","potentialAction":[{"@type":"SearchAction","target":{"@type":"EntryPoint","urlTemplate":"https:\/\/carniceriaetxebeste.com\/tienda\/?s={search_term_string}"},"query-input":{"@type":"PropertyValueSpecification","valueRequired":true,"valueName":"search_term_string"}}],"inLanguage":"es"},{"@type":"Organization","@id":"https:\/\/carniceriaetxebeste.com\/tienda\/#organization","name":"Tienda online Etxebeste Carnicer\u00eda","url":"https:\/\/carniceriaetxebeste.com\/tienda\/","logo":{"@type":"ImageObject","inLanguage":"es","@id":"https:\/\/carniceriaetxebeste.com\/tienda\/#\/schema\/logo\/image\/","url":"https:\/\/carniceriaetxebeste.com\/tienda\/wp-content\/uploads\/sites\/2\/2023\/09\/Etxebeste_carniceria_logo_.png","contentUrl":"https:\/\/carniceriaetxebeste.com\/tienda\/wp-content\/uploads\/sites\/2\/2023\/09\/Etxebeste_carniceria_logo_.png","width":1200,"height":675,"caption":"Tienda online Etxebeste Carnicer\u00eda"},"image":{"@id":"https:\/\/carniceriaetxebeste.com\/tienda\/#\/schema\/logo\/image\/"}}]}},"jetpack_sharing_enabled":true,"_links":{"self":[{"href":"https:\/\/carniceriaetxebeste.com\/tienda\/wp-json\/wp\/v2\/pages\/249","targetHints":{"allow":["GET"]}}],"collection":[{"href":"https:\/\/carniceriaetxebeste.com\/tienda\/wp-json\/wp\/v2\/pages"}],"about":[{"href":"https:\/\/carniceriaetxebeste.com\/tienda\/wp-json\/wp\/v2\/types\/page"}],"author":[{"embeddable":true,"href":"https:\/\/carniceriaetxebeste.com\/tienda\/wp-json\/wp\/v2\/users\/1"}],"replies":[{"embeddable":true,"href":"https:\/\/carniceriaetxebeste.com\/tienda\/wp-json\/wp\/v2\/comments?post=249"}],"version-history":[{"count":2,"href":"https:\/\/carniceriaetxebeste.com\/tienda\/wp-json\/wp\/v2\/pages\/249\/revisions"}],"predecessor-version":[{"id":253,"href":"https:\/\/carniceriaetxebeste.com\/tienda\/wp-json\/wp\/v2\/pages\/249\/revisions\/253"}],"wp:featuredmedia":[{"embeddable":true,"href":"https:\/\/carniceriaetxebeste.com\/tienda\/wp-json\/wp\/v2\/media\/248"}],"wp:attachment":[{"href":"https:\/\/carniceriaetxebeste.com\/tienda\/wp-json\/wp\/v2\/media?parent=249"}],"curies":[{"name":"wp","href":"https:\/\/api.w.org\/{rel}","templated":true}]}}